3 - -10).
5
8 - (4 + (12 - 1))
-7
Calculate ((-3 - -8) + -2 - -10 - 4) + 19.
28
10 - ((0 - (-12 - -5)) + 3) - -7
7
0 - 1 - (-9 + 29 + 11 + -19)
-13
24 + 13 + -19 + -45
-27
Evaluate 16 + (20 + -14 - 8).
14
What is the value of -20 - -28 - (-6 + 1 + 7) - -8?
14
What is -12 - ((-5 - -14) + -5 + 0 + -6)?
-10
What is 1 - ((39 - 40) + (2 - 1) + 15)?
-14
What is (-426 - -394) + (51 - 2)?
17
What is (2 + 8 - 3) + -5 + 1 - 9?
-6
2 + (0 + 0 - 15)
-13
Evaluate -17 - ((-24 - -19 - -10) + -6).
-16
(-10 - (-9 - (-13 - 1))) + (10 - -1)
-4
Evaluate (-15 - (-1 - 12)) + -3.
-5
What is the value of -5 + 32 + (-1 - 49)?
-23
0 + 3 - 1 - (28 + -4 - 12)
-10
Calculate -5 - -1 - (-3 + -24 + 39).
-16
Calculate 6 + 10 + (-12 - -7).
11
Calculate 18 - ((3 + 1 - -2) + 3).
9
5 + -15 + (-9 - -12) + (17 - 2)
8
What is the value of (35 + -24 - (5 - -2)) + -1?
3
-7 + 1 - (-29 + 1 + (-23 - -40))
5
What is (-13 - (-8 - -16)) + (21 - 5)?
-5
Calculate -39 - ((2 + -11 - 8) + 6 + 4).
-32
20 + (21 - 36) + -8
-3
Calculate 13 - (13 - (22 - 19)).
3
Calculate 1 + (0 + 31 + -14 - 11).
7
Evaluate -4 + 10 - (3 - -1) - (-8 - 5).
15
What is the value of (15 - 17) + -4 - (-16 - 0)?
10
Calculate (-6 - (1 + -7 + 8 + 0)) + -6.
-14
Calculate -50 + (-24 - -80 - 22).
-16
-7 + -1 - (-361 + 357)
-4
Evaluate 33 + -37 - (-4 - -5 - -2).
-7
Evaluate 1 + 6 - 7 - (-4 + 6).
-2
Calculate 5 + (8 - (-2 + (-14 - -10)) - 1).
18
What is -4 + (-4 + -2 - -4)?
-6
8 - (1 + -14 - (-19 - 4))
-2
Evaluate 5 + -1 - (-4 + -2 + (-10 - -7)).
13
21 - (7 + -6 - -16)
4
Evaluate 1 + -27 + 534 + -521.
-13
What is the value of 2 + 7 + (-6 - -5)?
8
Calculate 24 - 30 - (2 + -8) - (2 - 23).
21
-19 - ((-31 - (-38 - -19)) + 14)
-21
Calculate 12 + -22 - (5 + -1).
-14
-12 - 2 - (5 - (-14 - -17))
-16
What is 0 + 0 + 2 - (-109 - -136)?
-25
What is the value of -15 - -10 - ((-12 - (-2 + 7)) + 2)?
10
What is 0 - (33 + 28 - 38)?
-23
Evaluate 15 + -27 + 13 - (-5 + 8).
-2
Evaluate -1 + 12 + (-2 - 2) - 1.
6
Evaluate -5 + 1 + 0 + 10 + (7 - 0).
13
Evaluate 22 + -43 - 12 - (3 - 14).
-22
What is 67 + -68 - (-6 + -1) - (-1 + 30)?
-23
Evaluate (1 - -4) + -9 + (-3 - -7) + -1.
-1
What is 34 + -71 + 2 + 0 - -15?
-20
What is the value of -9 - (-5 - (4 + -10) - 25)?
15
-26 + (-74 - -77) + 0 + 6
-17
(0 - 4) + 14 - (0 + -6 + -1)
17
What is 6 + (-16 - (-36 - -6)) + 20?
40
Calculate -5 + (8 - 15) + (-21 - -37).
4
Evaluate -16 - (-14 - (-5 + 15)).
8
What is the value of 7 + (-13 - 1) + (11 - (3 - 0))?
1
What is (5 - (-1 - 7)) + -11?
2
What is (-39 - 1) + -2268 + 2328?
20
What is 15 - (-10 - -1) - (2 - -8)?
14
Calculate -1 + (5 - -8 - 2) - 26.
-16
What is the value of 2 + 11 + -4 - (0 - -2)?
7
(1 - (-11 + 20 + 4)) + -5
-17
Evaluate -5 + -3 + (-24 - -22).
-10
What is -4 - (-5 + (-3 - (-16 + 0)) - 9)?
-3
Evaluate 8 - 7 - (-2 - (5 + 2) - -5).
5
What is the value of -14 + 18 + -7 + 29 + -9?
17
7 + -1 + 10 + (13 - 14)
15
1 - -4 - -2 - 3
4
What is 4 + (5 - ((3 - (7 + -9)) + -3))?
7
Calculate (7 - (4 - 7)) + -19 - (1 + 0).
-10
-59 - (-88 + 8) - (0 - -9)
12
Evaluate (18 - 6) + -4 - (-3 + 17).
-6
Calculate -46 + 54 - (-1 + 8 + (0 - 5)).
6
What is the value of -4 + 1 + (0 - -1) + (-9 - -4)?
-7
What is the value of -7 - (5 + -3 + -7 + -32)?
30
1 - 0 - -4 - (-33 - -24)
14
What is the value of 2 - (0 - 4) - (1 + -3 + 9)?
-1
What is the value of (-10 - -5) + 6 + (2 - 1) + -1?
1
What is (-12 - -14 - 2) + (-5 - -1) + 19?
15
What is 3 + (-1 - 12) + 4 + 1?
-5
What is the value of 1 + (7 - -11 - 7) + -6 + 0?
6
Evaluate 3 - (-2 - -2 - (44 - 48) - -4).
-5
180 - 196 - (-10 + 0)
-6
What is 25 - (8 - (2 - ((-10 - -12) + -12)))?
29
Evaluate (0 + 14 - (-73 - -75)) + -6 + 1.
7
What is the value of (313 - 307) + (1 + -2 - -9)?
14
(-3 + 16 - 4) + -4 - (22 - 3)
-14
What is the value of 19 + (-6 - (-12 + 9) - 9)?
7
Evaluate -6 - (-9 - (0 - 5) - (-1 + 3)).
0
(-7 - (-11 - -10)) + 9 - -8 - -3
14
What is -39 + 76 - (11 + 0) - 13?
13
Calculate 9 + (-2 - -2) + 0 - (8 + -8).
9
What is the value of -11 + 16 + 12 + -8?
9
Calculate (-10 - (-12 + (7 - -2))) + 10 - -3.
6
Evaluate 17 + (-6 + 8 + -8 - 0).
11
What is the value of (1 - -5) + (-18 - -4)?
-8
What is the value of -1 - 6 - (87 - 93)?
-1
Calculate 658 - 652 - (22 - ((1 - 2) + 2)).
-15
Calculate (2 - 5) + (6 + -3 - 6 - 1).
-7
What is the value of (-22 - (2 - 13) - -10) + -6 - -9?
2
22 - ((-5 - -27) + -16)
16
What is the value of 1 - 1 - ((17 - 3) + -8)?
-6
What is -4 - (15 + -6 + -35)?
22
Calculate -29 + (2 - (7 - 0 - (-6 - -21))).
-19
What is (-4 - (2 - 0)) + 2 - (-1 - -3)?
-6
1 + 11 + -4 + -2 - -2
8
Calculate (2 - 5) + -3 + 8 + 17 + -24.
-5
What is (-26 - 26) + (78 - 56)?
-30
What is the value of 14 + -21 - (0 - 7) - (-8 + -9)?
17
What is -31 + 24 + (-1 - (-9 + (0 - -5)))?
-4
Evaluate 0 + 15 + (-16 - 10).
-11
What is -11 + -7 + 21 - (-1 + 3)?
1
-2 + (42 - (1 - -25))
14
Evaluate ((0 - 3) + -2 - (-439 + 432)) + -7.
-5
What is -31 + (30 - (4 - 7))?
2
What is -2 - ((-27 + 15 - -2) + 41)?
-33
What is -23 - ((-16 - -5) + -10)?
-2
Calculate -101 - -93 - (0 - 2).
-6
Evaluate (-27 - 7 - -25) + 1.
-8
Calculate 8 - 3 - (16 + -12) - 7.
-6
What is the value of -3 + (-5 - 3) + 7 - (0 - 6)?
2
-2 + (-25 - -1 - 1) + 12
-15
Calculate 33 + (-18 - (6 - -5)).
4
What is the value of (5 - (-14 + 20)) + -9 + 7?
-3
What is 9 + (14 + -14 - 14)?
-5
Evaluate -2 + (-7 - (-20 + 13) - (7 - 1)).
-8
Calculate 10 + 21 + -96 + 45.
-20
What is 3 + (-6 - -22) + -2 + 1 + -4?
14
What is the value of 58 - (-3 + 47 + -3)?
17
Calculate 6 - 0 - (-19 - (6 + -11)).
20
What is -1 - (-18 - (-17 + 2 - -7)) - -5?
14
What is 34 - 1 - (11 + (11 - (15 + 2)))?
28
Calculate 58 + -21 + -8 + -4.
25
What is the value of (-24 - -49) + -27 - (3 - 18)?
13
-8 + -20 + -11 + 45
6
Evaluate (68 - 60) + 1 + 5 + -1.
13
Evaluate -8 - (-32 - ((-57 - -56) + (1 - 1))).
23
-5 + -4 + 18 - (6 + -3 + -11)
17
What is -6 + (-9 - (-8 + -2)) + -4?
-9
What is (1 - -2) + -16 + (-20 + 9 - -6)?
-18
(79 - 75 - (2 + 1)) + -5
-4
Calculate (9 + (-17 - -12) - -3) + -3 + 1.
5
Evaluate 41 - 56 - 7 - (-1 + 7).
-28
What is (-8 - (6 - 3)) + 11?
0
Calculate -6 + 1 - (18 + -4 - (12 - 2)).
-9
Calculate -15 - -19 - (-5 - (6 - 2) - -2).
11
Calculate -2 - (-9 - (12 + -16)).
3
What is the value of (-4 - 1 - 3) + (-5 - (0 - 7))?
-6
Calculate (3 - (-6 + (-7 - 0))) + 12.
28
What is -2 - (-2 + -1 + 7 + -14 - 2)?
10
-38 - (-47 + 14) - (1 + (0 - 29))
23
(3 - 10 - -5) + 8
6
3 + (12 - 8) + -16 - (-8 - 0)
-1
What is the value of 5 - 3 - 3 - (-21 - -17 - -4)?
-1
Calculate 3 - 0 - (7 + -1 + -62 + 60).
-1
What is the value of 21 + (-211 + 202 - (-2 - (0 - -10)))?
24
Evaluate -15 + 44 + 15 + -6 + -20.
18
Calculate 134 + -122 - (5 + 0).
7
What is 0 - (-11 - -19) - (2 - 8 - -3)?
-5
Calculate -5 + (-15 - -23 - (0 - -6)) - -14.
11
Calculate (0 - 7) + (-804 - -812).
1
Calculate 38 + -16 + -16 + (27 - 4).
29
411 - 394 - (1 - -33)
-17
What is the value of 1 - 15 - (-60 + 49)?
-3
(-6 + 27 - 15 - (-4 - -1)) + -34
-25
Calculate 16 + 1 + 1 + 0 - (172 - 167).
13
What is -22 + (7 - -15) + 9?
9
What is -7 + 21 + -14 - (-3 - -3)?
0
What is the value of (2 - (-1 + (-5 - 11 - -8))) + -17?
-6
Calculate -13 + (-3 + 11 - -5).
0
Evaluate -5 + 4 + (-4 - -5 - 3).
-3
What is the value of -14 + 0 + (1402 - 1389)?
-1
What is 4 + 2 + 12 + (1 - (-10 + 2))?
27
-1 + 8 + (-361 - -362)
8
Calculate -11 - (29 - 41) - (-14 - -4).
11
8 + (16 - 7) + (-1 - 11)
5
What is 9 + (-3 - (-3 + 2)) - (-929 - -922)?
14
Calculate 45 + -22 + 2 - 17.
8
Calculate 0 - (4 + (-9 - 1)) - (4 + -1).
3
What is 6 + 2 + -26 - -18?
0
Calculate -19 - ((-25 - -3) + (19 - 3)).
-13
What is (3 - 15 - -18) + -6?
0
What is the value of 14 + 17 + 39 + -65?
5
What is the value of -25 - ((5 - 4) + 8 + -11)?
-23
What is the value of 0 + 5 + -8 + -5 + 3?
-5
Evaluate (-12 + 3 - -11) + -9 + -10.
-17
Calculate -6 + (16 - (-11 + 21)).
0
Calculate -2 + 10 - (-5 - -5 - 8).
16
4 + 4 + -1 + (3 - (1 - 16))
25
What is 117 + -109 - (3 + -2 + -1)?
8
Calculate -17 + 57 + -40 - (-27 + -1).
28
Evaluate 33 + (-81 - -81 - (13 + 3)).
17
Evaluate -9 + -19 - (1 - -4).
-33
6 + -16 - 22 - -57
25
Evaluate -36 - (-6 - (3 - 1 - 2)) - -9.
-21
-8 + (-1 - 25) + 13 - (-1 - 10)
-10
What is -16 + (10 - 0) - (-4 - 2)?
0
What is 9 + -1 + -6 + -12 + 8?
-2
19 - (39 + 10) - -38
8
-51 - -56 - (6 + -12 + 2 + -1)
10
Evaluate -9 + -6 + 3 + -8 + (-7 - -14).
-13
Calc